 a factor of 2235?
False
Is 308 a factor of 117658?
False
Is 46 a factor of 83?
False
Does 9 divide 22392?
True
Is 48760 a multiple of 44?
False
Is 4886 a multiple of 30?
False
Does 24 divide 61969?
False
Is 105 a factor of 8400?
True
Is 57 a multiple of 3?
True
Does 14 divide 446?
False
Is 153476 a multiple of 244?
True
Is 10 a factor of 5290?
True
Is 37884 a multiple of 123?
True
Is 12 a factor of 1368?
True
Does 52 divide 48204?
True
Is 9 a factor of 5911?
False
Is 11954 a multiple of 60?
False
Is 32472 a multiple of 36?
True
Is 61 a factor of 1708?
True
Does 26 divide 22659?
False
Is 4 a factor of 3767?
False
Is 92 a multiple of 13?
False
Is 3 a factor of 5828?
False
Is 47 a factor of 63175?
False
Is 500 a multiple of 100?
True
Is 87 a multiple of 29?
True
Is 27 a factor of 108?
True
Is 89 a multiple of 8?
False
Is 15 a factor of 960?
True
Is 34015 a multiple of 13?
False
Is 423 a multiple of 4?
False
Is 3141 a multiple of 47?
False
Is 11413 a multiple of 234?
False
Is 1090 a multiple of 5?
True
Does 8 divide 523?
False
Is 51402 a multiple of 113?
False
Does 68 divide 5124?
False
Does 7 divide 367?
False
Does 7 divide 1312?
False
Is 1760 a multiple of 55?
True
Is 19 a factor of 1080?
False
Is 184 a factor of 24315?
False
Is 2 a factor of 6417?
False
Does 13 divide 8156?
False
Is 870 a multiple of 6?
True
Is 14444 a multiple of 7?
False
Is 16 a factor of 2368?
True
Is 372 a multiple of 53?
False
Does 126 divide 802?
False
Does 9 divide 630?
True
Does 12 divide 326?
False
Does 42 divide 4872?
True
Is 280 a multiple of 7?
True
Is 11361 a multiple of 15?
False
Is 29 a factor of 957?
True
Is 7 a factor of 1309?
True
Is 2 a factor of 579?
False
Does 15 divide 8865?
True
Is 10 a factor of 1666?
False
Is 44835 a multiple of 61?
True
Is 88085 a multiple of 220?
False
Is 31 a factor of 775?
True
Is 6 a factor of 1416?
True
Is 1239 a multiple of 21?
True
Does 36 divide 247?
False
Is 7389 a multiple of 9?
True
Does 47 divide 13010?
False
Is 9 a factor of 8253?
True
Is 1261 a multiple of 25?
False
Is 454 a multiple of 108?
False
Is 34 a factor of 667?
False
Is 204 a multiple of 6?
True
Does 27 divide 880?
False
Does 4 divide 1637?
False
Does 237 divide 15484?
False
Is 15387 a multiple of 69?
True
Is 116 a factor of 116?
True
Is 20541 a multiple of 41?
True
Does 104 divide 2080?
True
Does 28 divide 420?
True
Does 33 divide 528?
True
Is 21615 a multiple of 165?
True
Is 14 a factor of 683?
False
Is 403 a multiple of 4?
False
Does 2 divide 218?
True
Is 11 a factor of 1067?
True
Is 13 a factor of 520?
True
Does 16 divide 1092?
False
Is 11 a factor of 10098?
True
Does 9 divide 4536?
True
Does 3 divide 227?
False
Is 112 a factor of 1008?
True
Does 3 divide 246?
True
Does 13 divide 221?
True
Is 56 a factor of 512?
False
Does 42 divide 584?
False
Is 8485 a multiple of 204?
False
Is 12705 a multiple of 3?
True
Is 13 a factor of 1066?
True
Is 180 a multiple of 45?
True
Does 29 divide 3799?
True
Is 8 a factor of 1272?
True
Is 81 a factor of 3449?
False
Is 1163 a multiple of 16?
False
Does 4 divide 184?
True
Is 132 a multiple of 66?
True
Is 3344 a multiple of 44?
True
Does 9 divide 2016?
True
Is 344 a multiple of 51?
False
Is 57 a factor of 4332?
True
Does 11 divide 525?
False
Is 44 a factor of 428?
False
Is 107 a factor of 62256?
False
Is 53 a factor of 3021?
True
Is 6 a factor of 43?
False
Is 57180 a multiple of 20?
True
Does 9 divide 1027?
False
Does 39 divide 3008?
False
Does 64 divide 4686?
False
Is 194 a multiple of 4?
False
Is 6 a factor of 109?
False
Does 58 divide 696?
True
Is 6900 a multiple of 25?
True
Is 80588 a multiple of 17?
False
Is 8190 a multiple of 39?
True
Does 14 divide 112?
True
Is 22156 a multiple of 58?
True
Is 4073 a multiple of 34?
False
Does 44 divide 3036?
True
Does 129 divide 30697?
False
Is 27117 a multiple of 207?
True
Is 115 a factor of 2386?
False
Does 4 divide 2736?
True
Does 127 divide 190?
False
Is 49 a factor of 7791?
True
Does 18 divide 4567?
False
Is 465 a multiple of 21?
False
Is 29157 a multiple of 146?
False
Is 61 a factor of 1281?
True
Does 110 divide 11908?
False
Is 141 a factor of 280?
False
Is 1995 a multiple of 105?
True
Is 4 a factor of 584?
True
Is 675 a multiple of 16?
False
Is 3 a factor of 451?
False
Is 83 a multiple of 19?
False
Is 23 a factor of 46798?
False
Is 16 a factor of 893?
False
Does 13 divide 2483?
True
Is 17306 a multiple of 34?
True
Does 12 divide 5736?
True
Is 19367 a multiple of 182?
False
Is 28 a factor of 61040?
True
Does 42 divide 2544?
False
Is 141 a multiple of 11?
False
Is 17 a factor of 17?
True
Is 158 a factor of 12389?
False
Is 191580 a multiple of 15?
True
Does 121 divide 33880?
True
Is 11 a factor of 2431?
True
Is 26 a factor of 130?
True
Is 40057 a multiple of 98?
False
Does 125 divide 30953?
False
Is 6640 a multiple of 178?
False
Is 587 a multiple of 39?
False
Is 64 a factor of 1413?
False
Is 11 a factor of 1606?
True
Is 366 a multiple of 6?
True
Is 1090 a multiple of 5?
True
Is 1538 a multiple of 8?
False
Does 21 divide 325?
False
Is 1824 a multiple of 12?
True
Does 11 divide 55308?
True
Is 5589 a multiple of 27?
True
Is 3579 a multiple of 19?
False
Is 62 a factor of 431?
False
Does 8 divide 680?
True
Does 20 divide 3200?
True
Is 5055 a multiple of 114?
False
Is 4144 a multiple of 12?
False
Does 38 divide 29006?
False
Is 7574 a multiple of 9?
False
Is 4028 a multiple of 53?
True
Is 2 a factor of 5483?
False
Does 68 divide 27538?
False
Is 2 a factor of 864?
True
Is 5065 a multiple of 24?
False
Is 68 a factor of 1160?
False
Is 69748 a multiple of 188?
True
Is 3 a factor of 2160?
True
Is 11340 a multiple of 36?
True
Is 364 a multiple of 182?
True
Is 30 a factor of 28388?
False
Is 48619 a multiple of 255?
False
Is 16348 a multiple of 220?
False
Is 1048 a multiple of 8?
True
Is 9 a factor of 45?
True
Does 28 divide 476?
True
Is 44 a factor of 999?
False
Is 4 a factor of 380?
True
Is 351 a multiple of 27?
True
Is 17821 a multiple of 14?
False
Is 3224 a multiple of 31?
True
Does 12 divide 363?
False
Does 26 divide 160?
False
Does 2 divide 595?
False
Does 14 divide 6855?
False
Is 28314 a multiple of 198?
True
Does 20 divide 1140?
True
Is 8183 a multiple of 23?
False
Does 39 divide 47616?
False
Does 26 divide 3172?
True
Does 138 divide 120750?
True
Does 28 divide 31920?
True
Does 45 divide 2323?
False
Does 61 divide 3050?
True
Does 8 divide 928?
True
Is 15 a factor of 2644?
False
Is 3407 a multiple of 17?
False
Is 69258 a multiple of 12?
False
Is 16 a factor of 3360?
True
Is 297 a multiple of 9?
True
Is 4 a factor of 116?
True
Is 18 a factor of 21676?
False
Is 6141 a multiple of 69?
True
Does 3 divide 16?
False
Is 62 a factor of 3177?
False
Does 9 divide 1017?
True
Does 4 divide 2136?
True
Does 18 divide 45960?
False
Does 20 divide 20360?
True
Is 420 a multiple of 6?
True
Does 213 divide 11289?
True
Does 30 divide 8520?
True
Is 3156 a multiple of 6?
True
Is 69455 a multiple of 29?
True
Is 17 a factor of 10183?
True
Is 2117 a multiple of 29?
True
Is 26 a factor of 1950?
True
Does 7 divide 6573?
True
Is 11 a factor of 3548?
False
Is 626 a multiple of 23?
False
Is 843 a multiple of 23?
False
Does 36 divide 10836?
True
Is 6391 a multiple of 62?
False
Does 74 divide 832?
False
Is 9 a factor of 244?
False
Is 652 a multiple of 18?
False
Is 25 a factor of 33100?
True
Is 137 a multiple of 10?
False
Does 23 divide 5482?
False
Is 28 a factor of 5936?
True
Does 12 divide 696?
True
Is 190 a multiple of 10?
True
Does 16 divide 50780?
False
Is 837 a multiple of 10?
False
Is 12 a factor of 158?
False
Does 24 divide 7187?
False
Does 6 divide 408?
True
Does 21 divide 5964?
True
Does 42 divide 8531?
False
Is 154 a factor of 3052?
False
Is 22 a factor of 2684?
True
Is 65 a factor of 948?
False
Is 1597 even?
False
Is 62 a factor of 24552?
True
Is 64 a factor of 12543?
False
Is 128 a factor of 2841?
False
Is 2569 a multiple of 22?
False
Is 676 even?
True
Does 42 divide 592?
False
Does 8 divide 992?
True
Does 39 divide 17199?
True
Does 29 divide 16304?
False
Is 27483 a multiple of 13?
False
Is 368 a multiple of 16?
True
Does 107 divide 9147?
False
Does 3 divide 4255?
False
Is 10 a factor of 140?
True
Is 58 a factor of 10384?
False
Is 59670 a multiple of 170?
True
Is 674 a multiple of 7?
False
Is 67248 a multiple